{"id":113,"date":"2020-06-30T20:02:56","date_gmt":"2020-06-30T18:02:56","guid":{"rendered":"https:\/\/sound-check.fr\/?page_id=113"},"modified":"2020-07-30T02:47:16","modified_gmt":"2020-07-30T00:47:16","slug":"conditions-generales","status":"publish","type":"page","link":"https:\/\/label-blackout.com\/index.php\/conditions-generales\/","title":{"rendered":"Conditions G\u00e9n\u00e9rales"},"content":{"rendered":"\n<p>Veuillez trouver ci-dessous nos conditions g\u00e9n\u00e9rales relatives \u00e0 l&rsquo;utilisation du site internet label-blackout.com\u00a0et \u00e0 l&rsquo;achat de produits sur ce site.<br>N&rsquo;h\u00e9sitez pas \u00e0 nous faire part de toute question relative aux pr\u00e9sentes conditions par mail via l&rsquo;onglet contact.<\/p>\n\n\n\n<p>L&rsquo;utilisation par les clients du site internet est r\u00e9gie par les pr\u00e9sentes conditions g\u00e9n\u00e9rales ainsi que tout avis ou toutes conditions figurant sur une quelconque autre partie du site internet. Nous pr\u00e9cisons \u00e0 toutes fins utiles que&nbsp;LABEL BLACKOUT&nbsp;peut modifier ou retirer \u00e0 tout moment toute partie du site internet, sans que sa responsabilit\u00e9 ne puisse \u00eatre engag\u00e9e du fait de ces modifications \u00e0 l&rsquo;\u00e9gard des clients.&nbsp;LABEL BLACKOUT&nbsp;se r\u00e9serve le droit de modifier les pr\u00e9sentes conditions g\u00e9n\u00e9rales \u00e0 l&rsquo;avenir sans \u00eatre tenue d&rsquo;en aviser sp\u00e9cifiquement les clients. Le fait de poursuivre l&rsquo;utilisation du site internet ou de passer commande ult\u00e9rieurement \u00e0 ces modifications vaudra acceptation de ces modifications.<\/p>\n\n\n\n<p>Le contrat ne prendra effet entre vous (en qualit\u00e9 de client) et nous qu&rsquo;une fois que la commande aura \u00e9t\u00e9 trait\u00e9e et exp\u00e9di\u00e9e.<br>En passant une commande au travers du pr\u00e9sent site internet, le client garantit&nbsp;:<\/p>\n\n\n\n<ol class=\"wp-block-list\"><li>&#8211; qu&rsquo;il n&rsquo;est pas mineur ou dans l&rsquo;incapacit\u00e9 l\u00e9gale de passer un contrat.<\/li><li>&#8211; que les coordonn\u00e9es divulgu\u00e9es lors de l&rsquo;enregistrement sont compl\u00e8tes et exactes.<\/li><li>&#8211; qu&rsquo;il n&rsquo;utilise pas un faux nom ou celui d&rsquo;une autre personne physique ou morale sans autorisation.<\/li><\/ol>\n\n\n\n<p><strong>Passer une commande<\/strong><br>En passant une commande, vous acceptez les pr\u00e9sentes conditions g\u00e9n\u00e9rales et reconnaissez les avoir lu avant de proc\u00e9der \u00e0 la commande.<\/p>\n\n\n\n<p><strong>Annuler une commande<\/strong><br>En tant que client, vous pouvez annuler une commande sous 14 jours et vous serez rembours\u00e9 du montant de cette derni\u00e8re sur le compte avec lequel vous avez pay\u00e9 votre commande.<\/p>\n\n\n\n<p><strong>Accepter une commande<\/strong><br>Lorsqu&rsquo;une commande est pass\u00e9e, vous recevrez une confirmation de commande \u00e0 l&rsquo;adresse e-mail fournie lors du paiement, contenant les informations sur le contenu et le prix de la commande.<\/p>\n\n\n\n<p><strong>Livraison<\/strong><br>LABEL BLACKOUT ne peut \u00eatre tenu responsable de tout dommage caus\u00e9 pendant le transport ou d\u00fb \u00e0 tout retard ind\u00e9pendant de sa volont\u00e9.<\/p>\n\n\n\n<p><strong>Politique de retour<\/strong><br>LABEL BLACKOUT accepte les retours sous 14 jours si les articles n&rsquo;ont pas \u00e9t\u00e9 utilis\u00e9s, modifi\u00e9s, lav\u00e9s ou autrement manipul\u00e9s. Les articles doivent \u00eatre retourn\u00e9s dans leur emballage d&rsquo;origine.<br><br>Les articles ne peuvent \u00eatre retourn\u00e9s \u00e0 LABEL BLACKOUT sans le consentement \u00e9crit pr\u00e9alable de LABEL BLACKOUT et sont soumis \u00e0 des frais de retour.<\/p>\n\n\n\n<p><strong>Responsabilit\u00e9<\/strong><br>Nous nous effor\u00e7ons de maintenir les informations figurant sur le pr\u00e9sent site internet aussi exactes que possible&nbsp;; toutefois, nous ne formulons aucune garantie \u00e0 cet \u00e9gard, qu&rsquo;elle soit expresse ou implicite. De m\u00eame, nous ne formulons aucune garantie \u00e0 l&rsquo;\u00e9gard de l&rsquo;utilisation du pr\u00e9sent site internet&nbsp;; il incombe \u00e0 chaque utilisateur de s&rsquo;assurer que ses appareils sont prot\u00e9g\u00e9s contre les virus ou contre tout autre facteur ext\u00e9rieur.<\/p>\n\n\n\n<p><strong>Divisibilit\u00e9<\/strong><br>Toute disposition des pr\u00e9sentes conditions g\u00e9n\u00e9rales qui viendrait \u00e0 \u00eatre nulle, ill\u00e9gale ou non applicable pour quelque raison que ce soit sera r\u00e9put\u00e9e dissoci\u00e9e du reste des conditions g\u00e9n\u00e9rales qui demeureront valables et ex\u00e9cutoires.<\/p>\n","protected":false},"excerpt":{"rendered":"<p>Veuillez trouver ci-dessous nos conditions g\u00e9n\u00e9rales relatives \u00e0 l&rsquo;utilisation du site internet label-blackout.com\u00a0et \u00e0 l&rsquo;achat de produits sur ce site.N&rsquo;h\u00e9sitez pas \u00e0 nous faire part de toute question relative aux pr\u00e9sentes conditions par mail via l&rsquo;onglet contact. L&rsquo;utilisation par les clients du site internet est r\u00e9gie par les pr\u00e9sentes conditions g\u00e9n\u00e9rales ainsi que tout avis [&hellip;]<\/p>\n","protected":false},"author":1,"featured_media":0,"parent":0,"menu_order":0,"comment_status":"closed","ping_status":"closed","template":"","meta":{"footnotes":""},"class_list":["post-113","page","type-page","status-publish","hentry"],"jetpack_sharing_enabled":true,"_links":{"self":[{"href":"https:\/\/label-blackout.com\/index.php\/wp-json\/wp\/v2\/pages\/113","targetHints":{"allow":["GET"]}}],"collection":[{"href":"https:\/\/label-blackout.com\/index.php\/wp-json\/wp\/v2\/pages"}],"about":[{"href":"https:\/\/label-blackout.com\/index.php\/wp-json\/wp\/v2\/types\/page"}],"author":[{"embeddable":true,"href":"https:\/\/label-blackout.com\/index.php\/wp-json\/wp\/v2\/users\/1"}],"replies":[{"embeddable":true,"href":"https:\/\/label-blackout.com\/index.php\/wp-json\/wp\/v2\/comments?post=113"}],"version-history":[{"count":2,"href":"https:\/\/label-blackout.com\/index.php\/wp-json\/wp\/v2\/pages\/113\/revisions"}],"predecessor-version":[{"id":157,"href":"https:\/\/label-blackout.com\/index.php\/wp-json\/wp\/v2\/pages\/113\/revisions\/157"}],"wp:attachment":[{"href":"https:\/\/label-blackout.com\/index.php\/wp-json\/wp\/v2\/media?parent=113"}],"curies":[{"name":"wp","href":"https:\/\/api.w.org\/{rel}","templated":true}]}}